{"id":10,"date":"2013-09-26T07:30:59","date_gmt":"2013-09-26T05:30:59","guid":{"rendered":"http:\/\/www.riex-papillon.de\/?page_id=10"},"modified":"2019-11-23T13:42:17","modified_gmt":"2019-11-23T11:42:17","slug":"rassebeschreibung","status":"publish","type":"page","link":"https:\/\/www.riex-papillon.de\/?page_id=10","title":{"rendered":"Rassebeschreibung"},"content":{"rendered":"<h3><\/h3>\n<p><img loading=\"lazy\" decoding=\"async\" class=\"alignnone size-full wp-image-90\" alt=\"rassebeschreibung\" src=\"http:\/\/www.riex-papillon.de\/wp-content\/uploads\/2013\/09\/rassebeschreibung.png\" width=\"503\" height=\"114\" srcset=\"https:\/\/www.riex-papillon.de\/wp-content\/uploads\/2013\/09\/rassebeschreibung.png 503w, https:\/\/www.riex-papillon.de\/wp-content\/uploads\/2013\/09\/rassebeschreibung-300x67.png 300w, https:\/\/www.riex-papillon.de\/wp-content\/uploads\/2013\/09\/rassebeschreibung-250x56.png 250w\" sizes=\"auto, (max-width: 503px) 100vw, 503px\" \/><\/p>\n<p>Der Kleinhund Papillon wird wegen seiner stehenden Ohrhaltung und der langen Befransung &#8222;Schmetterling&#8220; genannt. Die korrekte Bezeichnung des Rassestandards ist &#8222;Epagneul Nain Continental&#8220; (kontinentaler Zwergspaniel).<\/p>\n<p><img loading=\"lazy\" decoding=\"async\" class=\"size-full wp-image-156 alignleft\" style=\"border: 1px solid #dcdcdc; padding: 10px;\" alt=\"rabea\" src=\"http:\/\/www.riex-papillon.de\/wp-content\/uploads\/2013\/09\/rabea.png\" width=\"350\" height=\"234\" srcset=\"https:\/\/www.riex-papillon.de\/wp-content\/uploads\/2013\/09\/rabea.png 350w, https:\/\/www.riex-papillon.de\/wp-content\/uploads\/2013\/09\/rabea-300x200.png 300w, https:\/\/www.riex-papillon.de\/wp-content\/uploads\/2013\/09\/rabea-250x167.png 250w, https:\/\/www.riex-papillon.de\/wp-content\/uploads\/2013\/09\/rabea-120x80.png 120w\" sizes=\"auto, (max-width: 350px) 100vw, 350px\" \/>Papillons sind lebhaft, zierlich und grazi\u00f6s, aber doch kr\u00e4ftig, von stolzer Art und im Gangwerk ungezwungen und elegant.<\/p>\n<p>Das Ursprungsland ist Frankreich. Der intelligente Zwergspaniel ist dank seines Gewichts bis max. 5 kg auch in einer kleinen Wohnung zufrieden und kann seine Besitzer \u00fcberall hin begleiten.<\/p>\n<p>Papillons haben ein reichliches, gl\u00e4nzendes Haarkleid ohne Unterwolle, ziemlich lang und seidig. Das Haar wird ganz nat\u00fcrlich belassen. Es stellt keine gro\u00dfen Anspr\u00fcche an die Pflege und nimmt wenig Schmutz an.<\/p>\n<p style=\"text-align: left;\">\n<p style=\"text-align: left;\">Rabea von der Seseke<\/p>\n<p>Bereits im 13. Jahrhundert finden sich auf alten Bildern feingliedrige H\u00fcndchen, die sich kaum von dem heutigen Phal\u00e8ne unterscheiden. Am franz\u00f6sischen Hof haben sich die Luxush\u00fcndchen mehrere Jahrhunderte gro\u00dfer Beliebtheit erfreut. Sp\u00e4ter besa\u00dfen sowohl Kaiserin Maria-Theresia von \u00d6sterreich wie auch ihre Tochter Marie-Antoinette die Zwergspaniel.<\/p>\n<h3>Allgemeines Erscheinungsbild<\/h3>\n<p><img loading=\"lazy\" decoding=\"async\" class=\"size-full wp-image-159 alignright\" style=\"border: 1px solid #dcdcdc; padding: 10px;\" alt=\"nele\" src=\"http:\/\/www.riex-papillon.de\/wp-content\/uploads\/2013\/09\/nele.png\" width=\"350\" height=\"283\" srcset=\"https:\/\/www.riex-papillon.de\/wp-content\/uploads\/2013\/09\/nele.png 350w, https:\/\/www.riex-papillon.de\/wp-content\/uploads\/2013\/09\/nele-300x242.png 300w, https:\/\/www.riex-papillon.de\/wp-content\/uploads\/2013\/09\/nele-250x202.png 250w\" sizes=\"auto, (max-width: 350px) 100vw, 350px\" \/>Papillon haben einen harmonischen K\u00f6rperbau, der m\u00e4\u00dfig lange Fang ist k\u00fcrzer als der Sch\u00e4del. Der K\u00f6rper ist etwas l\u00e4nger als hoch. Der Kopf ist im Verh\u00e4ltnis zum K\u00f6rper normal proportioniert und gepr\u00e4gt von den gro\u00dfen dunklen Augen mit lieblichen Ausdruck sowie den auffallenden, reich befransten Ohren. Der Rumpf soll kr\u00e4ftig sein mit gen\u00fcgend tiefer und breiter Brust, geradem R\u00fccken und nur m\u00e4\u00dfig aufgezogener Bauchlinie. Gerade L\u00e4ufe mit guten Winkelungen sollen ein ausgreifendes und elegantes Gangwerk garantieren. Die Rute ist hoch angesetzt und wird in einem grazi\u00f6sen Bogen \u00fcber dem R\u00fccken getragen, so dass die lange Rutenbefederung weich \u00fcber Kruppe und Schenkel f\u00e4llt, manchmal bis fast zum Boden reichend.<\/p>\n<p>Die Exterieurvorschriften des Rassestandards sind frei von allen \u00dcbertreibungen und w\u00fcnschen einen gesunden und robusten, aber eleganten Hund.<\/p>\n<p style=\"text-align: right;\">Neele von der Seseke<\/p>\n<p>Bez\u00fcglich Farbe und Zeichnung gibt es kaum Vorschriften, abgesehen davon, dass immer ein schwarzer Nasenspiegel, schwarze Lefzen und Augenlider verlangt werden. Auf wei\u00dfem Grund sind alle Farben zugelassen. Am Rumpf und an den Gliedmassen muss das Wei\u00df im Verh\u00e4ltnis zur Farbe vorherrschen.<\/p>\n","protected":false},"excerpt":{"rendered":"<p>Der Kleinhund Papillon wird wegen seiner stehenden Ohrhaltung und der langen Befransung &#8222;Schmetterling&#8220; genannt. Die korrekte Bezeichnung des Rassestandards ist &#8222;Epagneul Nain Continental&#8220; (kontinentaler Zwergspaniel). Papillons sind lebhaft, zierlich und grazi\u00f6s, aber doch kr\u00e4ftig, von stolzer Art und im Gangwerk ungezwungen und elegant. Das Ursprungsland ist Frankreich. Der intelligente Zwergspaniel ist dank seines Gewichts bis [&hellip;]<\/p>\n","protected":false},"author":1,"featured_media":0,"parent":0,"menu_order":0,"comment_status":"open","ping_status":"open","template":"","meta":{"footnotes":""},"class_list":["post-10","page","type-page","status-publish","hentry"],"_links":{"self":[{"href":"https:\/\/www.riex-papillon.de\/index.php?rest_route=\/wp\/v2\/pages\/10","targetHints":{"allow":["GET"]}}],"collection":[{"href":"https:\/\/www.riex-papillon.de\/index.php?rest_route=\/wp\/v2\/pages"}],"about":[{"href":"https:\/\/www.riex-papillon.de\/index.php?rest_route=\/wp\/v2\/types\/page"}],"author":[{"embeddable":true,"href":"https:\/\/www.riex-papillon.de\/index.php?rest_route=\/wp\/v2\/users\/1"}],"replies":[{"embeddable":true,"href":"https:\/\/www.riex-papillon.de\/index.php?rest_route=%2Fwp%2Fv2%2Fcomments&post=10"}],"version-history":[{"count":16,"href":"https:\/\/www.riex-papillon.de\/index.php?rest_route=\/wp\/v2\/pages\/10\/revisions"}],"predecessor-version":[{"id":1490,"href":"https:\/\/www.riex-papillon.de\/index.php?rest_route=\/wp\/v2\/pages\/10\/revisions\/1490"}],"wp:attachment":[{"href":"https:\/\/www.riex-papillon.de\/index.php?rest_route=%2Fwp%2Fv2%2Fmedia&parent=10"}],"curies":[{"name":"wp","href":"https:\/\/api.w.org\/{rel}","templated":true}]}}